d 171?
19
What is the greatest common factor of 66 and 286?
22
What is the greatest common factor of 4393 and 23?
23
What is the highest common factor of 375 and 10050?
75
What is the highest common divisor of 22 and 165?
11
Calculate the greatest common factor of 494 and 14.
2
Calculate the greatest common divisor of 7612 and 77.
11
Calculate the greatest common factor of 49 and 1316.
7
What is the greatest common factor of 12 and 564?
12
Calculate the greatest common factor of 75 and 650.
25
What is the highest common factor of 4674 and 114?
114
Calculate the greatest common factor of 308 and 1141.
7
Calculate the greatest common factor of 18 and 18.
18
What is the highest common divisor of 6 and 456?
6
What is the greatest common divisor of 3150 and 75?
75
What is the highest common divisor of 84 and 644?
28
Calculate the greatest common divisor of 33708 and 106.
106
What is the greatest common divisor of 215 and 6579?
43
Calculate the greatest common factor of 3 and 879.
3
What is the greatest common factor of 799 and 17?
17
What is the highest common factor of 20 and 1140?
20
What is the greatest common divisor of 84 and 543?
3
What is the highest common divisor of 80 and 200?
40
What is the highest common factor of 1216 and 576?
64
What is the greatest common factor of 4489 and 737?
67
What is the highest common factor of 116289 and 219?
219
What is the greatest common divisor of 1248 and 39?
39
What is the greatest common factor of 27 and 30456?
27
What is the greatest common factor of 52 and 6?
2
Calculate the highest common factor of 79 and 30178.
79
Calculate the greatest common divisor of 68 and 1343.
17
Calculate the highest common factor of 33 and 3641.
11
What is the highest common factor of 19 and 893?
19
Calculate the highest common divisor of 22010 and 62.
62
What is the highest common divisor of 5012 and 42?
14
Calculate the highest common divisor of 602 and 112.
14
What is the greatest common divisor of 90 and 30?
30
What is the highest common divisor of 180 and 1170?
90
What is the highest common factor of 441 and 9?
9
Calculate the greatest common divisor of 114 and 37734.
114
Calculate the greatest common factor of 5656 and 12.
4
What is the greatest common divisor of 2728 and 62?
62
What is the highest common divisor of 68 and 476?
68
What is the highest common factor of 190 and 1216?
38
What is the greatest common divisor of 1581 and 51?
51
What is the highest common factor of 351 and 52?
13
What is the greatest common factor of 23 and 2369?
23
What is the greatest common factor of 1937 and 117?
13
What is the greatest common divisor of 370 and 8695?
185
Calculate the highest common factor of 4082 and 157.
157
Calculate the highest common factor of 315 and 135.
45
Calculate the highest common divisor of 99 and 153.
9
What is the greatest common factor of 49 and 105?
7
What is the greatest common factor of 15 and 35355?
15
Calculate the greatest common factor of 144 and 846.
18
Calculate the greatest common factor of 21 and 455.
7
Calculate the greatest common factor of 5365 and 740.
185
What is the highest common divisor of 1239 and 21?
21
What is the greatest common factor of 924 and 238?
14
What is the greatest common divisor of 385 and 275?
55
What is the highest common divisor of 10 and 1690?
10
What is the highest common divisor of 5539 and 58?
29
Calculate the greatest common divisor of 180 and 105.
15
What is the greatest common divisor of 91 and 13?
13
What is the greatest common factor of 49 and 3087?
49
What is the greatest common divisor of 195 and 30?
15
What is the greatest common factor of 14 and 1694?
14
What is the greatest common factor of 2329 and 85?
17
Calculate the highest common divisor of 3 and 1365.
3
Calculate the highest common factor of 85 and 34.
17
What is the highest common factor of 186 and 24?
6
Calculate the greatest common factor of 665 and 14.
7
What is the greatest common factor of 288 and 10464?
96
What is the highest common factor of 6376 and 8?
8
Calculate the greatest common factor of 928 and 16472.
232
Calculate the greatest common factor of 110 and 2255.
55
Calculate the greatest common divisor of 172 and 4.
4
What is the greatest common factor of 100 and 4?
4
Calculate the highest common divisor of 42 and 1722.
42
Calculate the highest common divisor of 682 and 62.
62
Calculate the highest common factor of 2740 and 5.
5
What is the highest common factor of 3 and 9111?
3
Calculate the highest common divisor of 196 and 343.
49
What is the greatest common divisor of 1024 and 384?
128
Calculate the greatest common factor of 67 and 1675.
67
What is the greatest common divisor of 535 and 25?
5
What is the greatest common divisor of 1452 and 2?
2
What is the highest common divisor of 560 and 1050?
70
Calculate the highest common divisor of 584 and 80.
8
What is the greatest common factor of 26 and 13286?
26
What is the greatest common divisor of 36 and 84?
12
What is the greatest common divisor of 13203 and 163?
163
What is the greatest common divisor of 68 and 374?
34
What is the greatest common factor of 84 and 1752?
12
Calculate the greatest common divisor of 195 and 5395.
65
What is the greatest common divisor of 55 and 88?
11
Calculate the highest common divisor of 128 and 4.
4
What is the greatest common divisor of 66 and 231?
33
Calculate the highest common divisor of 24 and 1812.
12
Calculate the highest common divisor of 9727 and 959.
137
Calculate the highest common divisor of 923 and 13.
13
What is the greatest common divisor of 33 and 12265?
11
Calculate the highest common factor of 208 and 112.
16
What is the highest common factor of 565 and 5?
5
What is the greatest common factor of 310 and 30?
10
Calculate the highest common divisor of 38 and 20786.
38
Calculate the highest common factor of 3596 and 1116.
124
What is the greatest common divisor of 1736 and 62?
62
Calculate the highest common divisor of 525 and 1245.
15
What is the highest common divisor of 28 and 2044?
28
Calculate the highest common factor of 1258 and 37.
37
What is the greatest common factor of 30 and 690?
30
Calculate the highest common factor of 32 and 3632.
16
Calculate the greatest common divisor of 96 and 1944.
24
Calculate the greatest common factor of 224 and 28.
28
What is the highest common factor of 160 and 60?
20
Calculate the greatest common factor of 480 and 780.
60
What is the highest common divisor of 11 and 1485?
11
Calculate the highest common factor of 55 and 80.
5
Calculate the highest common factor of 20 and 4090.
10
What is the highest common factor of 90 and 342?
18
Calculate the greatest common divisor of 480 and 20.
20
What is the greatest common factor of 18 and 38?
2
Calculate the greatest common factor of 20 and 14120.
20
What is the highest common factor of 275 and 100?
25
Calculate the greatest common factor of 2805 and 330.
165
Calculate the highest common factor of 1177 and 11.
11
Calculate the highest common divisor of 633 and 422.
211
Calculate the greatest common factor of 987 and 168.
21
What is the greatest common divisor of 11710 and 30?
10
What is the highest common factor of 3 and 10?
1
What is the highest common divisor of 300 and 1100?
100
Calculate the greatest common divisor of 47 and 58421.
47
Calculate the greatest common divisor of 17233 and 57.
19
What is the highest common factor of 38 and 190?
38
Calculate the highest common factor of 392 and 1540.
28
Calculate the highest common divisor of 287 and 451.
41
Calculate the highest common factor of 25 and 45.
5
Calculate the greatest common factor of 736 and 256.
32
Calculate the greatest common factor of 375 and 75.
75
Calculate the highest common factor of 5 and 15.
5
What is the highest common factor of 14600 and 80?
40
What is the greatest common factor of 500 and 1400?
100
Calculate the greatest common divisor of 342 and 57.
57
What is the highest common divisor of 616 and 112?
56
Calculate the highest common factor of 126 and 4830.
42
What is the highest common divisor of 245 and 28?
7
Calculate the highest common factor of 84 and 1044.
12
Calculate the highest common divisor of 2170 and 30.
10
What is the greatest common factor of 124 and 341?
31
Calculate the greatest common factor of 1 and 142